digit of d?
7
Suppose 5*m + 421 = 2*p, 4*m + 15 = 3. Let o(l) = 17*l - 12. Let x be o(-7). Let k = x + p. What is the tens digit of k?
7
Let f = -863 + 835. What is the hundreds digit of (-1)/((-1)/f)*(-10609)/206?
4
Let g(u) = 4*u**2 + 4*u + 21. Let p be g(-4). Let o = -63 + p. Suppose 2*t = -4*s + 138, -4*t + s - o*s = -267. What is the units digit of t?
3
Let y(t) = 15*t**3 + 194 + 4*t - 198 - t**2 + 31*t**3. What is the hundreds digit of y(2)?
3
Let s = -314 - -455. Suppose 4*f - 103 = s. Suppose c = f + 156. What is the tens digit of c?
1
Let h be (-7)/7*1/2*0. Suppose -3*z - 17 - 4 = h. Let q = 41 + z. What is the tens digit of q?
3
Suppose 120*l - 12 = 124*l, -2*l = 7*g - 139399. What is the hundreds digit of g?
9
Let r be (-496)/32 + 14 + (-39021)/(-2). Suppose 21*j - r = -0*j. What is the hundreds digit of j?
9
Let t = -224 - -319. Let z = t - -277. What is the hundreds digit of z?
3
Suppose 34*b - 41*b = -2744. Let p = b - 127. What is the tens digit of p?
6
Let c(q) be the first derivative of q**5/30 - q**4/12 - q**3/6 + 7*q**2/2 - 2. Let s(i) be the second derivative of c(i). What is the units digit of s(2)?
3
Suppose 63*v - 65*v + 150 = 0. Suppose -85*k + 1560 = -v*k. What is the tens digit of k?
5
Let s(j) = -j**3 + 29*j**2 + 97*j - 96. What is the hundreds digit of s(27)?
9
Suppose 6*h = 5*g + 3*h + 952, -5*g + h - 944 = 0. Suppose 20 = -5*p, 5*p + 20 - 113 = t. Let q = t - g. What is the tens digit of q?
7
Let f(q) = -3*q**3 + 5*q**2 + 9*q - 3. Let s be f(4). Let a = 170 - s. What is the hundreds digit of a?
2
Let c = 32128 + -585. What is the thousands digit of c?
1
Suppose 5*l = -c + 1546, 624 = 2*l - 3*c + 2*c. Suppose 0 = -5*h + l + 705. What is the units digit of h?
3
Let c(p) = -p**3 + 5*p**2 + 2*p - 22. Let t be c(4). Suppose -3*i + 5*v = -747, t*i = i - 4*v + 232. What is the tens digit of i?
4
Suppose 0*b + 3*b - 13 = -5*k, -k = -4*b + 25. Suppose 780 = 3*v - b*v. What is the units digit of v/(-3) - 4/6?
6
Suppose 7*r - 2139 = 2187. Suppose -108 = 7*u - 136. Suppose i + u*c + 618 = 4*i, -3*c - r = -3*i. What is the hundreds digit of i?
2
Suppose -3*o = 3*m - 121293, o + 185*m - 40440 = 181*m. What is the thousands digit of o?
0
Let t be -1882*7/42*3. Let r = 1396 + t. What is the tens digit of r?
5
Suppose 2*h = -5*h + 14. Suppose -2*r = c - 77, 0 = h*c - 4*c + 5*r + 109. Let y = c - 30. What is the tens digit of y?
3
Let q = -14722 + 37489. What is the hundreds digit of q?
7
Suppose 98*z + 75161 = 108*z + 601. What is the tens digit of z?
5
What is the hundreds digit of 633490/275 - 18/30?
3
Let q be (304/95)/(2/60). Suppose -5*f = -2*w - 26 + q, 5*w - 175 = -3*f. What is the tens digit of (-10)/w + (-527)/(-7)?
7
Let a(g) = -200*g - 8296. What is the tens digit of a(-99)?
0
Let a(q) = -1771*q - 12337. What is the ten thousands digit of a(-18)?
1
Let w(t) = t**3 - 11*t**2 - 4*t - 22. Let x(g) = 3*g - 11. Let n be x(14). Suppose 0 = -n*r + 27*r + 48. What is the tens digit of w(r)?
7
Let j(t) be the second derivative of 11*t**3/6 - 7*t**2 + t. Suppose 696 = 91*s + 59. What is the units digit of j(s)?
3
What is the thousands digit of (-3646)/(7*(-24)/84)?
1
Let y be (8 + 94)*16/6. Let k = y - -219. What is the tens digit of k?
9
Let a(k) = 88*k**2 + 8*k + 1453. What is the hundreds digit of a(25)?
6
Let g be (-4)/10 - 3042/(-30). Suppose 0 = 2*i - 4*j + 62, -2*i - i + 4*j = g. Let f = i - -92. What is the tens digit of f?
5
Suppose 203*u + 64243 = 4*x + 200*u, 5*x + 3*u - 80270 = 0. What is the ten thousands digit of x?
1
Suppose -18*g - 73721 + 117824 + 232035 = 0. What is the units digit of g?
1
Let u(x) = 5*x**2 - 5*x - 22. Let w be u(8). Suppose -638 = 16*i + w. What is the tens digit of 904/18 - i/(-252)?
5
Suppose -a = -0*a - 7. Let d be 14/28*(a + 1). What is the units digit of (704/48)/(d/6)?
2
Let g = 59 - -349. Let j = -235 + g. What is the hundreds digit of j?
1
Let t(q) = 7*q**2 + 2*q - 12 - 3*q**2 - 5. Let f(i) = -i**2 - 2*i + 327. Let x be f(-19). What is the units digit of t(x)?
5
Let o(c) = -1788*c - 496. What is the hundreds digit of o(-11)?
1
Let z(o) = 10*o**2 - 11. Let p be z(-3). What is the units digit of (1 - -4)*p - 1?
4
Let y(b) = b**3 + 4*b**2 - b - 2. Let n be y(-3). Suppose 2*j = -n*j + 2424. What is the tens digit of j?
0
Let o = -170 - -222. Suppose -i + 1664 = 3*z, 2*z = -60 + o. What is the units digit of i?
6
Suppose -43*g - 3575 = -186*g. What is the tens digit of g?
2
Let t(a) = 355*a**2 - 22*a - 7. What is the tens digit of t(4)?
8
Let i(k) = 176*k - 1762. What is the units digit of i(31)?
4
Let k = 27 + -7. Let t = 52 - k. Suppose t = -22*v + 24*v. What is the tens digit of v?
1
Let n(y) = -3788*y**3 + 9*y**2 + 8*y - 1. What is the units digit of n(-1)?
8
Let k(y) = 4*y**3 + y**2 - 8*y + 8. Let a be 1/(1/7) + -1. Let q(j) = -j**3 - j**2 + j - 1. Let o(c) = a*q(c) + k(c). What is the tens digit of o(-3)?
1
Let d = 113516 + -44442. What is the tens digit of d?
7
What is the tens digit of (12/(-16)*1)/((-9)/414564)?
4
Suppose -z - 7 = 3. Let a be (-16)/z*(-15)/(-6)*-2. What is the tens digit of (-30)/a*(-40)/(-12)*6?
7
Suppose 40648*d = 40697*d - 458836. What is the thousands digit of d?
9
Let r = -8766 + 14738. What is the hundreds digit of r?
9
Let o(h) = 4*h**2 + 82*h + 49. Let v be o(-20). Suppose v*z - 10256 = -2273. What is the units digit of z?
7
Let l(u) = 2*u - 12. Let i be l(8). Suppose 0 = 5*q, j = 4*j + i*q - 354. What is the units digit of j?
8
Let w be (-1199)/(-8) + (-18)/(-144). Let d be 1/(3/(-156)) + 2. Let y = d + w. What is the hundreds digit of y?
1
Let q = 2423 + -4265. Let r = -909 - q. What is the tens digit of r?
3
Suppose 4*c - 8 + 0 = 0. Suppose 5*k - 46 = -c*h, -4*k - 5 + 52 = 5*h. Suppose 4*a + 484 = k*a. What is the hundreds digit of a?
1
Let t(l) = -2*l**2 - 3*l - 4. Let m be t(-3). Let c(a) = -a**2 - 13*a - 40. Let b be c(m). Let z = b - -127. What is the units digit of z?
7
Suppose -130*s + 1776 = -127*s. Suppose 2*r - s = -34. What is the units digit of r?
9
Let p(n) = -2*n. Let u be p(-1). Suppose 3 = -3*q, 42 = 2*r + u*q - 120. What is the tens digit of r?
8
What is the tens digit of (132/(-3))/(27/(-2457))?
0
Let l = 60 + -55. Let s be (l - 6)*4/((-12)/207). Let r = 45 + s. What is the units digit of r?
4
Let o(c) = c**3 - 12*c**2 - 12*c - 8. Let s be o(13). Suppose s*g - 12 = g. Let x = g - -12. What is the units digit of x?
5
Let z(f) = -26638*f**3 - 51*f**2 - 52*f - 1. What is the tens digit of z(-1)?
3
What is the units digit of -2 - (-1410195)/(-82)*8/(-5)?
4
Suppose 4*q = -5*h + 109763, 54*h = 52*h - 8*q + 43854. What is the hundreds digit of h?
9
Let w = 8474 + -5275. Let q = w + -2231. What is the tens digit of q?
6
Let n be 16/24 - (-2)/6 - 9. Let t(h) = -8*h + 10. Let z be t(n). Suppose 3*o = 109 + z. What is the tens digit of o?
6
Let m(s) = 73*s**2 + 32*s + 1464. What is the units digit of m(-32)?
2
Suppose 4*c - 2063 - 6365 = 0. Suppose 9*f = 26 + c. What is the hundreds digit of f?
2
Let s = -124 + 125. What is the units digit of (-5)/(-30) + 7791/18 + s?
4
Suppose -6*z = 3*i - 3*z, 5*z + 16 = 3*i. Suppose 4*o = 7*o + i*g - 693, -3*g - 1136 = -5*o. What is the hundreds digit of o?
2
Let b(g) = -g**2 - 2*g + 124. Let f(j) = 5*j + 30. Let l be f(-6). What is the units digit of b(l)?
4
What is the units digit of (9764 + 14 - -3) + -18?
3
Let k(z) be the first derivative of -11*z**3/3 + 4*z**2 + 18*z - 12. Let r(v) be the first derivative of k(v). What is the tens digit of r(-4)?
9
Let n(r) = -r**3 + 17*r**2 - 15*r - 9. Let c be n(16). Suppose -c*a + 589 = -881. Let o = 412 - a. What is the tens digit of o?
0
Suppose -2*o - 8 = 0, 8 = 6*v - 8*v - 4*o. Suppose v*a + 16 = 16. Suppose -4*x + 3*x + 35 = a. What is the tens digit of x?
3
Let f(o) = -6*o**3 - 2*o**2 - 4*o - 2. Let c be f(-1). What is the hundreds digit of ((-1092)/(-14))/(c/28)?
3
Let w(k) = -6*k + 41 - 5*k + 2*k**2 - 18*k - 185 + 3*k**2. What is the units digit of w(-5)?
6
Suppose -9 - 1 = -5*r. Let x be (-663 - (2 + r))*(-1 - 0). Suppose 147 = b + 4*k, -b + 6*b - x = -3*k. What is the tens digit of b?
3
Suppose 4*i = -4*g, g + 3*g - 16 = 4*i. Suppose 5*f - 721 = -4*c, -4*f - f - 353 = -g*c. What is the tens digit of c?
7
Suppose 13*w + 31*w - 74888 = 0. Let g = w - 760. Wh